 base 10?
5
202 (base 9) to base 3
20002
What is cb (base 15) in base 10?
191
What is -37 (base 8) in base 7?
-43
What is 3c (base 14) in base 10?
54
Convert 8 (base 9) to base 6.
12
What is -1 (base 12) in base 13?
-1
-197 (base 10) to base 11
-16a
Convert -18 (base 9) to base 7.
-23
Convert 3 (base 14) to base 7.
3
Convert 63 (base 16) to base 7.
201
Convert 70 (base 10) to base 12.
5a
What is 1 (base 14) in base 8?
1
Convert 168 (base 9) to base 13.
b0
4 (base 13) to base 5
4
Convert 1100 (base 3) to base 12.
30
What is 33 (base 12) in base 13?
30
11111100 (base 2) to base 8
374
-5 (base 14) to base 8
-5
0 (base 10) to base 16
0
Convert -12 (base 3) to base 14.
-5
11 (base 7) to base 15
8
Convert -2 (base 14) to base 13.
-2
313 (base 5) to base 6
215
-223 (base 4) to base 15
-2d
1022 (base 4) to base 7
134
What is -7c (base 13) in base 5?
-403
What is -223 (base 7) in base 10?
-115
What is 164 (base 11) in base 14?
d9
Convert -3 (base 10) to base 2.
-11
101100 (base 2) to base 16
2c
Convert 5 (base 13) to base 5.
10
155 (base 7) to base 14
65
What is 34 (base 5) in base 8?
23
What is 24 (base 6) in base 16?
10
Convert 30 (base 5) to base 6.
23
What is -11111101 (base 2) in base 12?
-191
Convert -10 (base 7) to base 8.
-7
-2303 (base 4) to base 2
-10110011
Convert -19 (base 16) to base 15.
-1a
72 (base 15) to base 13
83
What is -120 (base 4) in base 9?
-26
72 (base 15) to base 4
1223
1100 (base 3) to base 16
24
4 (base 8) to base 16
4
What is -6 (base 16) in base 12?
-6
What is 10 (base 4) in base 5?
4
What is -24 (base 7) in base 3?
-200
18 (base 16) to base 14
1a
350 (base 9) to base 12
200
Convert -214 (base 6) to base 16.
-52
Convert 7 (base 10) to base 6.
11
Convert -111110 (base 2) to base 11.
-57
-1 (base 5) to base 9
-1
4 (base 14) to base 12
4
-210 (base 3) to base 7
-30
1 (base 12) to base 15
1
64 (base 16) to base 3
10201
What is 1000 (base 2) in base 5?
13
What is -21 (base 5) in base 11?
-10
-10 (base 2) to base 4
-2
Convert 4 (base 8) to base 15.
4
-1 (base 11) to base 3
-1
1 (base 7) to base 10
1
2 (base 15) to base 12
2
What is 13b (base 12) in base 11?
164
Convert 1 (base 7) to base 4.
1
Convert -16 (base 10) to base 16.
-10
d (base 15) to base 3
111
Convert -4 (base 7) to base 13.
-4
Convert 3 (base 13) to base 10.
3
7 (base 10) to base 16
7
Convert 11 (base 2) to base 4.
3
Convert 7 (base 8) to base 12.
7
Convert 1 (base 12) to base 9.
1
What is -14 (base 9) in base 8?
-15
-3 (base 8) to base 5
-3
What is -59 (base 10) in base 8?
-73
Convert 11 (base 2) to base 4.
3
What is 236 (base 9) in base 8?
303
Convert 7 (base 16) to base 9.
7
What is 21 (base 8) in base 2?
10001
What is -12121 (base 3) in base 6?
-411
-111 (base 2) to base 7
-10
Convert -66 (base 7) to base 2.
-110000
1011100 (base 2) to base 13
71
What is -7 (base 14) in base 5?
-12
Convert 20011 (base 3) to base 4.
2212
What is 68 (base 12) in base 2?
1010000
Convert -122 (base 4) to base 16.
-1a
317 (base 11) to base 14
1d3
Convert -11 (base 4) to base 11.
-5
Convert -102111 (base 3) to base 12.
-21a
What is -30 (base 8) in base 2?
-11000
-17 (base 12) to base 5
-34
Convert -30 (base 13) to base 7.
-54
Convert 12 (base 12) to base 7.
20
15 (base 11) to base 16
10
What is 2 (base 9) in base 14?
2
What is -e (base 16) in base 2?
-1110
Convert 11 (base 5) to base 3.
20
What is 14 (base 12) in base 4?
100
Convert -46 (base 16) to base 9.
-77
16 (base 12) to base 13
15
What is 2 (base 6) in base 8?
2
What is -5 (base 9) in base 14?
-5
Convert -5 (base 11) to base 4.
-11
21 (base 15) to base 4
133
-2 (base 14) to base 11
-2
-2 (base 5) to base 7
-2
Convert 9 (base 14) to base 9.
10
-50 (base 16) to base 15
-55
What is -200 (base 6) in base 7?
-132
What is 5 (base 8) in base 3?
12
What is -44 (base 12) in base 5?
-202
Convert 54 (base 11) to base 2.
111011
-4 (base 5) to base 7
-4
-e (base 16) to base 10
-14
What is -25 (base 9) in base 2?
-10111
Convert -20 (base 13) to base 7.
-35
What is -3 (base 7) in base 10?
-3
-1110 (base 2) to base 15
-e
What is 5 (base 12) in base 15?
5
-9 (base 13) to base 4
-21
33 (base 5) to base 11
17
Convert 4 (base 15) to base 7.
4
Convert 19 (base 11) to base 12.
18
-123 (base 6) to base 7
-102
What is 111 (base 2) in base 10?
7
-8 (base 13) to base 2
-1000
Convert -30 (base 7) to base 8.
-25
Convert -1412 (base 5) to base 13.
-14b
Convert -30 (base 6) to base 9.
-20
Convert 4 (base 11) to base 15.
4
-13 (base 9) to base 10
-12
What is -1 (base 10) in base 7?
-1
What is -1e (base 15) in base 6?
-45
What is -101002 (base 3) in base 7?
-536
What is 2f (base 16) in base 15?
32
Convert -2 (base 3) to base 2.
-10
Convert 10 (base 3) to base 7.
3
What is -21 (base 5) in base 16?
-b
Convert -7 (base 13) to base 11.
-7
Convert -b1 (base 13) to base 5.
-1034
What is -1 (base 14) in base 16?
-1
What is 3 (base 10) in base 14?
3
0 (base 9) to base 12
0
What is 522 (base 8) in base 5?
2323
What is -2 (base 12) in base 16?
-2
Convert 75 (base 12) to base 4.
1121
What is 10 (base 6) in base 4?
12
Convert 2 (base 12) to base 11.
2
Convert -13 (base 8) to base 12.
-b
Convert a (base 11) to base 13.
a
12 (base 7) to base 5
14
What is -4b (base 12) in base 4?
-323
24 (base 7) to base 14
14
Convert 0 (base 15) to base 8.
0
12 (base 8) to base 9
11
What is -3 (base 4) in base 7?
-3
Convert -220 (base 5) to base 15.
-40
23 (base 14) to base 12
27
-5 (base 11) to base 7
-5
Convert 1 (base 15) to base 14.
1
Convert 101 (base 2) to base 14.
5
Convert 2122 (base 5) to base 3.
101122
a (base 15) to base 14
a
Convert 11 (base 9) to base 12.
a
23 (base 14) to base 8
37
What is 11 (base 2) in base 12?
3
What is 211 (base 6) in base 16?
4f
Convert -2 (base 3) to base 15.
-2
Convert 20101 (base 3) to base 15.
b7
What is 140 (base 7) in base 2?
1001101
Convert -11 (base 4) to base 8.
-5
-1 (base 2) to base 5
-1
Convert 101 (base 2) to base 8.
5
0 (base 5) to base 2
0
What is 0 (base 13) in base 6?
0
What is 24 (base 8) in base 16?
14
Convert 33 (base 6) to base 10.
21
Convert -5 (base 8) to base 4.
-11
Convert 202 (base 3) to base 6.
32
-21 (base 9) to base 8
-23
Convert -22222 (base 3) to base 13.
-158
Convert -100 (base 3) to base 12.
-9
Convert 5 (base 6) to base 10.
5
1 (base 9) to base 15
1
What is -12 (base 4) in base 12?
-6
What is 0 (base 16) in base 12?
0
What is 15 (base 8) in base 5?
23
22 (base 6) to base 13
11
320 (base 5) to base 16
55
f (base 16) to base 8
17
-18 (base 9) to base 2
-10001
What is -13 (base 16) in base 15?
-14
-1b (base 12) to base 10
-23
-11 (base 3) to base 9
-4
What is 4 (base 15) in base 8?
4
What is 14 (base 5) in base 4?
21
What is 11 (base 11) in base 6?
20
What is -69 (base 15) in base 8?
-143
1 (base 8) to base 6
1
What is -12 (base 4) in base 14?
-6
Convert 0 (base 3) to base 11.
0
Convert 7c (base 13) to base 7.
205
-6 (base 10) to base 9
-6
What is 14 (base 11) in base 12?
13
-12 (base 6) to base 4
-20
What is 2 (base 8) in base 13?
2
Convert 210 (base 3) to base 9.
23
What is 30 (base 10) in base 13?
24
What is 121 (base 3) in base 15?
11
Convert -11001100 (base 2) to base 3.
-21120
Convert 21 (base 10) to base 5.
41
What is 22 (base 9) in base 14?
16
Convert -215 (base 6) to base 4.
-1103
What is 2 (base 13) in base 15?
2
-8a (base 13) to base 10
-114
Convert -4 (base 13) to base 11.
-4
Convert -110010 (base 2) to base 16.
-32
What is 421 (base 7) in base 6?
551
Convert -6 (base 7) to base 3.
-20
What is -133 (base 4) in base 13?
-25
What is 0 (base 14) in base 9?
0
10101010 (base 2) to base 5
1140
-120201 (base 3) to base 12
-2b4
Convert -7 (base 16) to base 12.
-7
Convert 4 (base 6) to base 2.
100
15 (base 6) to base 5
21
Convert -110 (base 2) to base 3.
-20
What is 10 (base 8) in base 5?
13
Convert 1003 (base 5) to base 10.
128
What is -12 (base 4) in base 8?
-6
Convert 4 (base 7) to base 12.
4
62 (base 7) to base 12
38
Convert -22 (base 6) to base 5.
-24
Convert 5 (base 6) to base 16.
5
1 (base 4) to base 15
1
Convert -242 (base 6) to base 9.
-118
Convert 1 (base 3) to base 11.
1
37 (base 12) to base 2
101011
Convert -144 (base 12) to base 13.
-121
Convert 0 (base 8) to base 7.
0
What is 1221 (base 4) in base 11?
96
Convert 321 (base 5) to base 7.
152
What is -100001 (base 2) in base 16?
-21
What is -20 (base 3) in